et o(y) be the first derivative of 4*y**3/3 - y - 1. Let i(f) = -f**2 + 5*f - 3. Let a be i(4). What is the units digit of o(a)?
3
Suppose -2*i - 3*p = -93, 3*i = -i - 4*p + 180. What is the tens digit of i?
4
Let h = 9 + 66. What is the units digit of h?
5
Suppose -2 = -2*c + 6. Let w(m) = m**2 + 2. What is the tens digit of w(c)?
1
Let i = -13 + 19. What is the units digit of i?
6
Let i = 14 - 10. Let n(d) = -19*d - 4. Let b be n(i). What is the tens digit of (1/(-2))/(4/b)?
1
Suppose -3*a - 3 = -0*a. What is the units digit of 2*a - (2 - 6)?
2
Suppose -123 = -6*x + 39. Let l = 0 - 0. Suppose 2*o + o - x = l. What is the units digit of o?
9
Suppose -5*r = -2*r + 21. Let p(u) = -u**3 - 7*u**2 - 2*u - 7. What is the units digit of p(r)?
7
Let w be (-3 - -5 - 1)*3. Let y(h) = h - 9. Let v be y(10). Suppose 0 = w*c - v - 50. What is the tens digit of c?
1
What is the tens digit of (652/8)/(2/4)?
6
Let o(c) = c + 2. Let x be o(4). Let y(g) = -g - 12. Let v be y(-19). Let j = v - x. What is the units digit of j?
1
What is the tens digit of -2 + -8*(-2 - (-69)/(-6))?
0
Let y(u) = u**2 + u. Let f be (4/8)/(2/20). Suppose 9 = f*j - 1. What is the units digit of y(j)?
6
Let y = -22 - -25. What is the units digit of y?
3
Suppose -3*q - 5*x + 1 + 0 = 0, 5*q = -2*x + 27. What is the units digit of q?
7
Suppose 0*x - 2*x + 50 = 0. Suppose -25 = -5*f + x. Let z = -1 + f. What is the units digit of z?
9
Let s(n) = -2*n**2 - 10*n - 8. Let y be s(-7). What is the units digit of y/30*(-3 + -2)?
6
Let b = -11 - -15. Suppose 0 = 5*m - 2*m + b*f + 25, 2*m + 19 = -5*f. Let d = 21 + m. What is the units digit of d?
4
Let r(l) = -l**2 - 6*l + 1. Suppose 5*d - 14 = 2*k + 4*d, -5*k - 2*d - 26 = 0. What is the units digit of r(k)?
1
Let s(o) be the first derivative of 4*o**3/3 + 3*o**2/2 + 2*o + 1. What is the tens digit of s(-2)?
1
Suppose -f = 1, -5*f + 0 = -3*d + 11. Suppose 3*n = n - 5*z + 49, -3*n - d*z + 79 = 0. What is the tens digit of n?
2
Suppose 5*o + 5 = 0, -4*o - 13 = -t - 9*o. What is the units digit of t?
8
Let m = 16 + 49. What is the tens digit of m?
6
Let o be 1*(-2 + 2 + 1). Let u(d) = 2*d**3 + d - d**2 - 3*d**2 + 3*d**2. What is the units digit of u(o)?
2
Suppose 3*v - 16 = 2*j - 3*j, -3*v - 3*j + 18 = 0. Let u = 78 + -73. Suppose v*a + 5*l - 22 = 28, 4*a - 37 = -u*l. What is the units digit of a?
3
Let b = 74 + -19. What is the tens digit of b?
5
Let m(v) = 3*v - 9. Let j be m(6). What is the units digit of j/3 + (2 - 0)?
5
What is the tens digit of (-25)/(-10)*36/5?
1
Suppose y + 3*y = 12. Suppose 4*m - 12 = -5*i, -4*i + 0 = -m + y. What is the units digit of m?
3
Let m(t) = 3*t**2 + 15*t + 27. What is the tens digit of m(-12)?
7
Suppose 0 = -4*n + 5*c + 116, -3*c = 2*c. What is the tens digit of n?
2
Let v(h) = 5*h + 8. Let z be v(6). Suppose u - z = -u. What is the units digit of u?
9
Suppose 4*y + k - 110 = 0, 0*y + 3*k = -3*y + 87. What is the tens digit of y?
2
Suppose -t + 4*v = -8, -3*t + 5*v = -13 - 4. Suppose 3*y + p + 3 = 4, -2*p + 2 = 3*y. Suppose t*d - 4 + y = 0. What is the units digit of d?
1
Let h(z) = -z**3 - z**2 - 2*z - 3. Let f = 0 - 2. Let q be h(f). Suppose -q*l + y + 23 + 17 = 0, -2*l = 5*y + 11. What is the units digit of l?
7
Suppose -4*g + 10 = -v, 4*g - 10 - 4 = 3*v. Suppose g = q - 5. What is the units digit of q?
7
Suppose 17*x = 14*x + 273. What is the tens digit of x?
9
Let d(h) be the second derivative of h**5/20 - 13*h**4/12 + 7*h**3/3 + 5*h**2 + 3*h. What is the units digit of d(12)?
4
Let p(q) = -6*q + 5. What is the tens digit of p(-6)?
4
Let d(v) = -8*v + 2. Let i be d(-6). Suppose -3*k - 4*g + 41 = -i, -3*k - 5*g = -95. What is the tens digit of k?
2
Let p(j) = j - 2. Let k be p(4). Let l = k + 2. Suppose -6*u + 6 = -l*u. What is the units digit of u?
3
Let k(i) = -i**2 + 5*i - 1. Let f be k(3). Let u be ((-8)/(-4))/(2/f). Let c(n) = n + 4. What is the units digit of c(u)?
9
Suppose 17 = 3*z - b - b, -3*b = z - 2. Let i = z + -2. Suppose -4*t + i = -t. What is the units digit of t?
1
Let f(r) = -r**3 + 6*r**2 - r - 4. What is the units digit of f(4)?
4
Let d(j) = -2*j - 8. What is the units digit of d(-6)?
4
Suppose 5*n + 83 = 3*j - 0*n, j - n - 29 = 0. What is the units digit of j?
1
Suppose -4*k + 130 = k. What is the tens digit of k?
2
Let a = -25 - -18. What is the units digit of (-1 - (0 + a)) + 2?
8
Let l be ((-33)/(-6))/(3/6). Let j = l - 10. What is the units digit of -8*1/(-2) + j?
5
Let p(v) be the first derivative of -v**4/4 + 3*v**3 - 7*v**2/2 - 5*v + 2. Suppose 2*a - 16 = a + 2*q, -3*a = -3*q - 36. What is the units digit of p(a)?
3
Let w be 3/(-12) + 162/8. Suppose d + w = 5*d. What is the units digit of 18/d + (-4)/(-10)?
4
Let l(r) = r**3 - 16*r**2 + r - 21. Let g be l(16). Let a(n) = -3*n + 7. What is the units digit of a(g)?
2
Suppose -r + 20 = 5*d, 3*d - 4*d + 4 = -3*r. Let j(a) = d + a**3 + 2 - 2*a**3 - a. What is the units digit of j(0)?
6
Suppose -86*c = -84*c - 160. What is the tens digit of c?
8
Let j(q) = -q + 12. Let w be j(5). Suppose -38 = -3*p + w. What is the tens digit of p?
1
Let i = 50 + -17. Suppose 2*b - 7 - i = 0. Suppose 20 = 2*r - x - b, -4*x = 3*r - 71. What is the tens digit of r?
2
Let k(d) = 6*d - 4*d**2 + 5*d**2 - 4 - 2. Let p = 21 - 28. What is the units digit of k(p)?
1
Let o(f) = 0*f + 2*f**2 + 0*f - 1 - 2*f - f. What is the units digit of o(3)?
8
Let q(w) = 9*w + 1. What is the tens digit of q(1)?
1
Let j = -124 - -178. What is the units digit of j?
4
Let f(g) = 5*g**2 + 4*g + 3. Let w be f(-3). Let z = w + -8. Suppose -z = -5*k + k. What is the units digit of k?
7
Suppose 2*t = 24 + 36. What is the tens digit of t?
3
Suppose 2 = g - 23. What is the units digit of g?
5
Let j = 20 - 15. Suppose j*h - 3*h = 32. What is the tens digit of h?
1
Suppose 0 = u + 2*u - 267. What is the units digit of u?
9
Let i = 27 + 11. What is the tens digit of i?
3
Let n = -57 + 104. What is the units digit of n?
7
Suppose -15 = -p + 4*d, 1 = -d - 2. Let z be (-6)/4 + p/6. What is the units digit of z - 7*(1 - 2)?
6
Let y be -2 - (2 - 5 - -5). Let d(b) be the third derivative of b**6/120 + b**5/15 + 2*b**3/3 + b**2. What is the units digit of d(y)?
4
Suppose -2*z + l = -3*l + 10, 0 = -2*z - l + 5. What is the units digit of z/((-2)/(-90*1))?
5
Let v(p) = -2*p. Let r(q) = -q**3 + q + 4. Let a be r(0). Let n = a - 10. What is the tens digit of v(n)?
1
Let u be (24/(-20))/(4/(-20)). Let s(m) = -m**3 + 5*m**2 + 5*m + 5. Let k be s(6). Let x = u + k. What is the units digit of x?
5
Let b(f) = -f**3 - f**2 - f + 40. What is the tens digit of b(0)?
4
Let d(y) = -y**2 - 2*y - 1. Suppose -3*t + 1 = -4*z, 2*t - 5*t - 6 = 3*z. Let i be d(z). Suppose i*r - 9 = -3*r. What is the units digit of r?
3
Suppose 3*v - 6*y + 3 = -3*y, -3*v = y - 5. What is the units digit of v?
1
Let p = 77 - 38. What is the tens digit of p?
3
Let o = -17 + 23. What is the units digit of o?
6
Suppose x = -6 + 1. Let g be ((-2)/6)/(x/75). Suppose 0 = -v + 2*q + 5, g*q + 9 = 3*v - 5. What is the units digit of v?
3
Suppose 0 = 4*f - 5*q - 143, 3*f - 37 = -4*q + 109. What is the units digit of f?
2
Let t(p) be the second derivative of 17*p**3/6 + 5*p. What is the tens digit of t(1)?
1
Let y be 1/4 - (-508)/16. Let a = y + -18. What is the tens digit of a?
1
Let r(m) = -m**3 - 4*m**2 - 4*m - 3. Let b be r(-3). Suppose -y + b*y = -40. What is the units digit of y?
0
Suppose 2*c = 5*p + 151 + 18, 4*c + 5*p - 323 = 0. Suppose 6*f - 2 = c. What is the units digit of f?
4
Suppose -7*c = -3*c - 12. Suppose 6 = c*z - 6*z. What is the units digit of z/(-1) - (-2 - 1)?
5
Suppose 0 = -18*w - 2*w + 4360. What is the tens digit of w?
1
Let w(c) = 5*c**2 + 10*c - 1. What is the tens digit of w(-3)?
1
Let l = 2 - 0. Suppose o + 4*q = l, -3*q - 3 - 5 = -4*o. What is the units digit of (8/6 - o)*-3?
2
Let r = 27 + -6. Suppose 11 = 2*y - r. What is the tens digit of y?
1
Let u(k) = 2*k. Let l(f) = -f**3 - 7*f**2 - 4*f - 1. Let t be l(-6). Let w = t + 21. What is the units digit of u(w)?
6
Let d = -14 + 20. Suppose 5*i + 4*g = 23, 5*i + 0*g - 19 = -2*g. Suppose -9 = d*f - 3*f - 3*o, -i*f + 7 = o. What is the units digit of f?
1
Suppose -11 - 1 = -2*y. Suppose -5*q + y + 34 = 3*n, -3*q + 3*n = 0. What is the units digit of q?
5
Suppose 0 =